u - 117. Is d a prime number?
False
Suppose 5*p + 1104 - 17359 = 0. Is p prime?
True
Let r(i) = 11*i**2 + i + 15. Let p(m) = 5*m**2 + 7. Let a(u) = 9*p(u) - 4*r(u). Is a(-4) prime?
False
Let x(k) = k**3 + 13*k**2 + 2*k - 5. Is x(-12) prime?
False
Let g = 119 - -80. Is g composite?
False
Suppose -16 + 323 = g. Is g a prime number?
True
Suppose z + 76 = 5*v, 23 + 38 = 4*v - z. Let h = -11 + v. Suppose 10 = 2*p + h. Is p a composite number?
False
Let g(c) = -c**2 - 9*c - 3. Let u be g(-8). Suppose v = -u*k - 4, -5*v + k + 110 = -0*k. Is v a composite number?
True
Suppose 5*q = 2*h - 809, 2*q = 3*q + 3. Is h a prime number?
True
Let t be (0/(-3))/((-2)/(-2)). Suppose t = 3*r - 34 - 131. Is r a prime number?
False
Let t = -9 + 34. Is -6*1/2 + t composite?
True
Suppose -5*b + 30 = 5*d, 15 = 5*d - 0*d. Suppose -b*f - 4*w + 58 = -0*w, 100 = 5*f + 5*w. Is f prime?
False
Let h be (-3 - -1)*(-9)/6. Suppose -5*v = 3*n - 3, 2*n - 2 = h*v - 0*v. Is 10/(v + 1/1) composite?
True
Let y = -33 - -24. Is (-2)/y + 13197/27 a composite number?
True
Suppose 0 = -5*k + 4*d - 24, -5*d + 12 = -2*k - 2*k. Let n(s) = s**3 + 8*s**2 - s - 1. Is n(k) a composite number?
False
Let n = 11 - 6. Suppose 0*x - n*x - 60 = 0. Is 30/4*x/(-9) a prime number?
False
Let n be -3*(-1)/(-3)*-1. Let j be 1 + n + -1 + 1. Is 23 - (1 + j + -1) a prime number?
False
Suppose 76 = 5*w - 3*w. Let y = 7 - w. Let n = -18 - y. Is n a composite number?
False
Let g(y) = y**3 - 4*y**2 + y + 1. Let t be g(3). Let r be (-3687)/t + 15/25. Let k = r - 525. Is k composite?
True
Let z(o) = -o**2 + 2019. Is z(0) a composite number?
True
Let l = -1122 - -4625. Is l a prime number?
False
Suppose 0 = 5*j + 3*w + 2*w - 10, 4*j - 26 = 5*w. Suppose j*y = 5*y - 7. Suppose -16 = -4*t + m, -5*t + 2*m + 27 = y. Is t prime?
False
Suppose 0 = w - 3, 7*f - 2*f + 1066 = 2*w. Let g = -49 - f. Is g a prime number?
True
Suppose b - 52 = 199. Is b composite?
False
Let h = -7 + -5. Let v = 4 + h. Let n = v - -29. Is n composite?
True
Suppose -3*t = -5*h + 2053, 5*h - t = 2*h + 1235. Is h a prime number?
False
Suppose 2*v - 6 = 248. Is v prime?
True
Suppose 3*g = -0*g + 9. Suppose p + 13 = -4*l, -5 + 4 = -2*l - g*p. Is -1*1*124/l composite?
False
Is 13/52*(2 - (1 - 1491)) a composite number?
False
Let x be 51/15 + (-2)/5. Suppose -72 = -2*a - 2*a - 4*n, -x*a - n + 58 = 0. Suppose -j = j - a. Is j prime?
False
Let w(n) = n**2 - 5*n - 9. Let g be w(7). Is 79/(-3)*(g - 8) a prime number?
True
Suppose 0 = -4*p + 37 + 11. Let b = p + -7. Suppose -3*m = 5*r - 88, 0 = -b*m + 3*r - 83 + 241. Is m composite?
False
Let a be 110/25 + 4/(-10). Let k(f) = -a*f**2 - 8*f**3 + 0*f**3 + 2*f**2 + 1. Is k(-1) a prime number?
True
Is (1 - 2) + (47 - -7) a composite number?
False
Suppose -3*p = -p - 1438. Is p a composite number?
False
Let g(t) be the first derivative of -t**4/4 + 2*t**3 + 4*t**2 + 2*t - 2. Let j be g(6). Let m = j - 16. Is m a composite number?
True
Let r = 917 - 586. Is r a composite number?
False
Suppose 708 = 4*k - 2*z, 39 = -3*k + 2*z + 568. Is k composite?
False
Let t = 5 + -28. Let v = 59 - t. Is v a composite number?
True
Suppose 4*c = c + 93. Is c composite?
False
Let j(y) = -y**3 + 13*y**2 - 13*y - 7. Is j(10) a composite number?
False
Let a(c) = 25*c - 9. Is a(8) a composite number?
False
Suppose 3*g - 2 + 12 = q, -6 = -5*g - 4*q. Let x be (-6 - g - -2)*18. Let o = x + 58. Is o a composite number?
True
Suppose 5*z - 373 = 157. Is z composite?
True
Let m = -77 + -37. Let r = -68 - m. Suppose t - r = 3*v - 14, 42 = t + 2*v. Is t a composite number?
True
Suppose w = 84 + 129. Is w composite?
True
Suppose -a - b = 0, 0 = -2*a + 5*a - b - 16. Suppose a*d + 2*i = 262, 0 = 3*d - 2*i + i - 194. Is d prime?
False
Let x(c) = c**2. Let f be x(2). Suppose i + 47 = 5*v, -i - f*v = -0*i + 29. Let k = 22 - i. Is k prime?
True
Let v = 659 + -1254. Is v/(-4) + 3/12 a prime number?
True
Let b = -181 - -328. Suppose -3*l + 3 = -b. Is (-5)/(-10)*(l + 0) composite?
True
Suppose 4*t - 4*m - 355 - 69 = 0, 2*t = -m + 221. Is t a prime number?
True
Is 234/4 - ((-6)/4 - -2) a composite number?
True
Suppose -696 = -5*f + 89. Is f prime?
True
Suppose -2*x = -4 - 8. Let v = x + 0. Is ((-3)/(-1))/(9/v) composite?
False
Suppose 5*c = 3*c - 2. Let u = c + 3. Suppose u*d - 654 + 68 = 0. Is d prime?
True
Suppose 2*g + 3*g - b - 12 = 0, -10 = -g + 4*b. Is (-43)/g*(-11 + 9) a composite number?
False
Let w(r) = 222*r**2 + r. Let c(v) = -v + 5. Let o be c(4). Is w(o) composite?
False
Suppose -1349 = -2*b + 1469. Is b a composite number?
False
Suppose 5*x + 4*t = 601, 4*x = t - 0*t + 485. Is x composite?
True
Let t = 184 + -78. Suppose -5*w = -4*n - 205, 0*w - 3*w - n = -t. Is w a composite number?
False
Suppose 2*i - 7 = -1. Suppose i*p = -g - 2*g + 6, p = -5*g + 10. Let c = 2 + p. Is c a prime number?
True
Let d = 704 - 383. Is d composite?
True
Suppose -1965 - 1339 = -8*p. Is p prime?
False
Let o(y) = -y. Let w be o(-6). Let m = -11 + 14. Suppose -3*x = w + m, 5*i - 2*x = 161. Is i a composite number?
False
Let c(j) = -j - 3. Let w be c(3). Let r(y) be the first derivative of -4*y**2 + y + 2. Is r(w) prime?
False
Let x(m) = -m**3 + 12*m**2 + 2*m - 9. Is x(10) a prime number?
True
Let o be 293*(0 + -1)*-1. Let d be -4*(o/(-4) - -2). Suppose 4*n - p - 208 = -2*p, -5*n = -5*p - d. Is n a composite number?
False
Let u be 0/(5 - 9/3). Suppose u = 4*b + b - 1865. Is b prime?
True
Let j(z) = z**2 + 9*z - 7. Let f be j(-10). Suppose -f*g + x = 5*x - 73, 72 = 4*g - x. Is g composite?
False
Let z = 122 + -44. Suppose -2*t + 3*m = -z, -t - 2*m + 25 = -0*m. Suppose -2*d = -d - t. Is d a prime number?
False
Let v(a) = a**3 + 3*a**2 - a - 4. Let o be v(-3). Is (-1)/o*(1 - -18) a prime number?
True
Let m = 6 - 6. Let v(h) = 0*h**2 + 5*h**2 + 2*h + m*h. Is v(7) a prime number?
False
Let q(x) = -x**3 - 15*x**2 - 2*x + 7. Is q(-17) composite?
False
Suppose 4*m + 82 = 470. Is m prime?
True
Suppose 3*s - 393 = 2*s. Is s composite?
True
Suppose 3*y - 443 = 2*y. Is y a composite number?
False
Let k = -602 + 416. Let s = k + 406. Suppose -z = -5*z + s. Is z a composite number?
True
Let u(r) be the second derivative of 7*r**4/4 - r**3/3 - r**2/2 + 3*r. Is u(-2) composite?
True
Suppose i + 0*i = -42704. Is (-4)/14 - i/112 prime?
False
Is (-2358)/(-2) - (-5)/((-20)/8) prime?
False
Let r(q) = -q - 10. Let x be r(-9). Let f = x - -6. Let p(y) = 2*y**2 + 4*y - 3. Is p(f) a prime number?
True
Suppose 4*h + 0*a - 2728 = -a, -2046 = -3*h - a. Is h/14 + 8/28 a prime number?
False
Let a(n) = 7*n**3 - 2*n**2 + 2*n - 3. Let m be a(2). Let r be (m/(-2))/(1/(-34)). Suppose 2 = 2*u, 0 = -5*y - u + 3*u + r. Is y composite?
False
Suppose 69*k + 2564 = 73*k. Is k composite?
False
Suppose 0 = -5*l + 2*n + 245, -4*l + 2*n - 4*n + 214 = 0. Is l composite?
True
Suppose 2*s - s = 5*d - 837, -5*d + 845 = -5*s. Is d a composite number?
False
Suppose 3*w + 3*g = 168, 0 = 4*w + g + 28 - 249. Is w composite?
True
Let g be (-8)/5 - (-2)/(-5). Let f(v) = 10 - 7 - 33*v - 74*v - 2. Is f(g) a composite number?
True
Suppose -4*t + 10 = -2*t. Suppose -195 = t*w - 760. Is w composite?
False
Let c be 3/(5/1 + -4). Is 1*4 - (-160 + c) composite?
True
Let b(r) = -r - 7. Let f be b(-6). Let m(v) = -75*v + 7*v + 1 + 0. Is m(f) a prime number?
False
Suppose -p + 2*l + 16 = -2*p, -p - 24 = 4*l. Let y(o) = 5*o**2 + 5*o - 7. Let j be y(p). Suppose 0*d + j = 3*d. Is d prime?
False
Let f be ((-5)/10)/((-2)/20). Let h be 13/f + 2/5. Suppose -2 + 10 = -2*s, -2*q - h*s + 102 = 0. Is q prime?
False
Let r(u) = u + 0*u + 12 + 0*u. Let a be r(-8). Suppose 0 = -x + a*x - 45. Is x a composite number?
True
Suppose -4*x + 631 = 35. Is x a composite number?
False
Suppose -603 = -b - 20. Suppose 168 = -5*r + b. Is r a prime number?
True
Let i = -275 - -402. Is i a prime number?
True
Let b = -273 - 56. Let g = b + 472. Is g a prime number?
False
Let l(i) = 2*i + 7. Suppose 2*m = 2*t - 8 - 20, 0 = 3*m - t + 42. Let g = 21 + m. Is l(g) a composite number?
True
Suppose p - 12 = -2*p. Suppose -5*q = 3*g - 782, -p*g + 3*q + 1032 = -q. Is g composite?
True
Suppose g = 59 - 252. Let q = g + 290. Is q composite?
False
Suppose 2013 = 3*g - 0*g + 3*y, -6 = 3*y. Is g a prime number?
True
Let y(a) = -4*a**3 - 3*a**2 + 4*a + 2. Suppose -4 = -g - 9